tor of 568253 and 147.
49
Calculate the highest common factor of 12 and 11185380.
12
What is the highest common factor of 220 and 256180?
20
What is the highest common divisor of 266317 and 23?
23
What is the greatest common divisor of 272580 and 322?
14
What is the highest common divisor of 136 and 11203?
17
What is the greatest common divisor of 4631 and 2189?
11
Calculate the greatest common divisor of 5782317 and 309.
309
What is the highest common factor of 5128864 and 26?
26
Calculate the highest common factor of 11891 and 517.
517
Calculate the highest common divisor of 35 and 13785.
5
What is the highest common divisor of 15028 and 252824?
884
What is the greatest common factor of 35464 and 65?
13
What is the greatest common divisor of 27 and 187092?
9
What is the greatest common factor of 1050 and 138390?
210
Calculate the highest common factor of 234 and 76128.
78
What is the greatest common factor of 8858 and 1648?
206
What is the highest common divisor of 30 and 69530?
10
What is the highest common factor of 1331 and 32329?
11
What is the greatest common divisor of 192 and 61926?
6
Calculate the greatest common factor of 1437 and 6335733.
1437
Calculate the highest common factor of 2002 and 24772.
22
Calculate the greatest common divisor of 10563 and 203.
7
What is the highest common factor of 3690 and 51168?
246
What is the greatest common factor of 259664 and 16?
16
Calculate the highest common divisor of 2877 and 468951.
2877
What is the greatest common factor of 62963 and 9?
1
Calculate the greatest common divisor of 79935 and 60.
15
What is the highest common divisor of 270 and 3897?
9
What is the highest common factor of 1909 and 16652?
23
What is the highest common factor of 239 and 1214359?
239
What is the greatest common divisor of 76 and 55?
1
Calculate the highest common factor of 386 and 1143139.
193
What is the highest common factor of 8 and 475976?
8
Calculate the greatest common factor of 162708 and 208.
52
What is the greatest common factor of 5679901 and 641?
641
What is the greatest common factor of 2610489 and 14?
7
Calculate the highest common factor of 42 and 49032.
6
Calculate the highest common factor of 5860 and 45.
5
What is the highest common divisor of 52268 and 8468?
292
Calculate the highest common divisor of 78 and 117442.
26
What is the greatest common divisor of 19435 and 39?
13
What is the greatest common factor of 505 and 564085?
505
What is the greatest common divisor of 25596 and 3600?
36
Calculate the highest common factor of 27 and 159066.
9
What is the highest common factor of 493986 and 2001?
87
Calculate the greatest common divisor of 1056 and 46752.
96
Calculate the highest common factor of 208 and 409084.
52
What is the highest common divisor of 2013 and 2196?
183
Calculate the greatest common factor of 444 and 32892.
12
Calculate the highest common factor of 104 and 72332.
52
Calculate the highest common divisor of 2112 and 4026.
66
What is the highest common divisor of 2542 and 1107?
41
Calculate the greatest common divisor of 88 and 76480.
8
What is the greatest common divisor of 6543 and 117?
9
Calculate the highest common divisor of 5296 and 12.
4
What is the greatest common divisor of 13211 and 3509?
11
What is the highest common factor of 133 and 7931987?
133
What is the highest common factor of 39304 and 408?
136
What is the greatest common factor of 78960 and 15?
15
Calculate the highest common factor of 5094 and 36.
18
What is the greatest common factor of 12438 and 2124?
18
Calculate the greatest common factor of 12528 and 222.
6
Calculate the greatest common factor of 833 and 20573.
7
What is the highest common factor of 292 and 37?
1
Calculate the highest common divisor of 112547 and 241.
241
What is the greatest common divisor of 350 and 34818?
14
What is the greatest common divisor of 2982 and 1239?
21
Calculate the greatest common factor of 125 and 1585.
5
What is the highest common factor of 117 and 1692?
9
What is the highest common divisor of 27214 and 1518?
22
What is the greatest common divisor of 109752 and 48?
24
What is the greatest common factor of 102 and 24191?
17
What is the greatest common divisor of 70 and 3928435?
35
Calculate the highest common factor of 665874 and 9.
9
Calculate the greatest common factor of 3633 and 1120.
7
What is the highest common divisor of 234 and 36?
18
Calculate the greatest common divisor of 4849 and 4303.
13
Calculate the greatest common divisor of 5901 and 77.
7
What is the highest common factor of 181168 and 1040?
208
What is the greatest common factor of 1395 and 11470?
155
Calculate the greatest common divisor of 2714 and 2231.
23
What is the greatest common divisor of 646 and 3268114?
646
What is the greatest common factor of 105636 and 16?
4
What is the highest common factor of 33 and 1711149?
33
What is the greatest common divisor of 136 and 111962?
34
What is the highest common factor of 254135 and 40?
5
Calculate the greatest common divisor of 84 and 95928.
84
What is the highest common divisor of 7 and 31511?
1
Calculate the highest common divisor of 264 and 46002.
66
Calculate the greatest common factor of 2241 and 476088.
249
What is the greatest common factor of 7677 and 1359?
9
What is the greatest common factor of 66 and 13508?
22
What is the greatest common divisor of 3096 and 11481?
129
Calculate the highest common factor of 48 and 355224.
24
Calculate the greatest common factor of 9211 and 755.
151
What is the highest common factor of 169784 and 136274?
2234
Calculate the greatest common factor of 153857 and 2343.
781
Calculate the greatest common divisor of 546 and 43302.
42
What is the greatest common factor of 2239097 and 553?
553
What is the greatest common divisor of 201433 and 5576?
697
What is the greatest common factor of 184 and 1679?
23
What is the highest common factor of 117478 and 302?
302
Calculate the greatest common divisor of 100646 and 5096.
1274
What is the greatest common factor of 925657 and 633?
211
What is the greatest common divisor of 361238 and 46?
46
What is the greatest common factor of 7360 and 167210?
230
Calculate the highest common divisor of 2292 and 173428.
764
Calculate the greatest common factor of 381 and 5969.
127
What is the greatest common divisor of 165113 and 169?
169
Calculate the greatest common divisor of 124423 and 884.
221
What is the greatest common divisor of 1986 and 78?
6
Calculate the greatest common divisor of 136 and 574680.
8
Calculate the greatest common divisor of 12842167 and 482.
241
Calculate the greatest common factor of 401461 and 11509.
677
What is the highest common factor of 133632 and 5184?
576
Calculate the greatest common factor of 2 and 13009.
1
Calculate the highest common divisor of 153 and 36516.
51
What is the highest common factor of 79207 and 3296?
103
What is the highest common divisor of 748350 and 250?
50
What is the highest common divisor of 484365 and 2205?
735
What is the greatest common divisor of 21 and 14223783?
21
Calculate the greatest common divisor of 7432 and 8.
8
Calculate the greatest common divisor of 18 and 82332.
18
Calculate the highest common divisor of 1610 and 2170.
70
What is the greatest common factor of 288 and 161292?
12
What is the greatest common factor of 77 and 70367?
11
Calculate the highest common factor of 162 and 52893.
81
What is the highest common divisor of 1188 and 7172?
44
Calculate the highest common factor of 6442 and 1.
1
What is the greatest common divisor of 89589 and 57?
3
What is the greatest common factor of 714 and 8736?
42
What is the greatest common factor of 1540980 and 2520?
1260
What is the highest common factor of 40060 and 120?
20
Calculate the greatest common divisor of 8 and 53416.
8
Calculate the greatest common divisor of 174161 and 169.
13
Calculate the greatest common factor of 2450489 and 23.
23
What is the highest common factor of 26133 and 372?
93
Calculate the highest common factor of 409 and 4.
1
What is the greatest common divisor of 33957 and 66?
33
What is the highest common factor of 1910200 and 25?
25
What is the highest common divisor of 10962 and 4234?
58
Calculate the greatest common divisor of 929 and 19.
1
Calculate the highest common factor of 112 and 22036.